the prime factors of z.
13
Let u be (6/2)/((-6)/(-8)). Suppose -c = -2*c - u. What are the prime factors of (27/c)/((-6)/16)?
2, 3
Let g be 64/(-12) - 1/(-3). Let o = g - -9. Suppose o*r - 10 - 10 = 0. What are the prime factors of r?
5
Let x(s) = s**3 + s**2 + s + 5. Let d(y) = 5 - 3 - y + 4. Let n be d(6). List the prime factors of x(n).
5
Let g(y) = y + 3. Let x(d) = d + 6. Let t be x(-6). What are the prime factors of g(t)?
3
Suppose 0 = 6*y - 98 + 14. Let r = -10 + y. List the prime factors of r.
2
Suppose -3*s + 201 = 4*x, -x = -s + 40 + 34. Let h = 120 - s. What are the prime factors of h?
7
Let i be (-16)/(-6) + 2/6. Suppose 60 = i*q + q. What are the prime factors of q?
3, 5
List the prime factors of -3 + 1 + 0 + 50.
2, 3
Let m = -1 - -7. List the prime factors of -2 + m/3 + 30.
2, 3, 5
Let j(n) = n**2 + 4*n + 7. What are the prime factors of j(-3)?
2
Suppose -13 = 2*w + 3. What are the prime factors of (w/(-14))/((-8)/(-28))?
2
Suppose 33 = 6*z - 3*z. Let v = z + 0. What are the prime factors of v?
11
Let y(q) = -q**3 - q**2 + 3*q - 5. Let r be y(-5). Suppose -k + 5*m = 2, 2*k + 3*k = -5*m + r. What are the prime factors of k?
13
Let c = -54 - -115. List the prime factors of c.
61
Let j(f) = 2*f - 3. Let v be j(5). Let a = v + -7. Suppose a*o - o + 15 = 0. List the prime factors of o.
3, 5
Let t = 0 + 11. Let y(p) = -p**2 + 11*p + 8. Let k be y(t). Suppose -8 = -w + k. What are the prime factors of w?
2
Let j be 17 - 11 - 2/(-2). Suppose j*l - 8*l + 16 = 0. What are the prime factors of l?
2
List the prime factors of 119/(-3)*(-4 - -1) + 3.
2, 61
Let r = 1 + 10. List the prime factors of r.
11
Suppose -18 = -3*v - 3*n, -2*n = -4*v + 52 - 4. Suppose -3*s + v = 2*s. Suppose 0 = a - 5 - s. List the prime factors of a.
7
Let m be -1 + 2*(-2)/(-1). Suppose -5*w - 5*b - 20 = 0, 5*w + 4*b + 16 = -0. Suppose 0 = -m*y - w*y + 27. List the prime factors of y.
3
Suppose 17 = 2*x + i, -4*x + 1 = -i - 18. Let o(y) = 2*y - 4. List the prime factors of o(x).
2
Let x be (34/4)/(1/2). Let m = -5 + x. List the prime factors of m.
2, 3
Let h = -3 + 7. Let s be h + -1 + -3 + 4. List the prime factors of ((-2)/6)/(s/(-228)).
19
Let a be 5 + -7 + 1*-52. What are the prime factors of (-1 + a/(-2))/1?
2, 13
Let y be (132/9 + -2)*6. Suppose -3*k = q - 23, 3*q + 4*k + 22 - y = 0. List the prime factors of q.
2, 7
Let i(d) = -32*d + 2. Let p be i(2). Let c = 97 + p. What are the prime factors of c?
5, 7
Suppose z - 1 + 3 = 0. Let y be (0/z)/(5 - 2). Suppose y = 4*a - 4 - 4. List the prime factors of a.
2
Suppose 3*r = -f - 33, 2*f = -3*f + 15. Suppose 0 = q + 4*y - 2, 3*q - 12 = -y + 49. Let a = q + r. What are the prime factors of a?
2, 5
Suppose -54 - 18 = -3*w. List the prime factors of w.
2, 3
Suppose 7 = m - 0. List the prime factors of m.
7
Let g(o) = -o**3 - 2*o**2 + o - 4. Let t be g(-3). Suppose -2*d + 61 = -5*u, 5*u - 31 = -4*d + t*d. What are the prime factors of d?
23
Let c = -63 - -72. What are the prime factors of c?
3
Let r(x) = -x + 11. Let j(l) = l + 24. Let i be j(-19). List the prime factors of r(i).
2, 3
Suppose 0 = 5*v - 5 - 5. List the prime factors of -1*v/(6/(-39)).
13
Suppose -4*h + 0 = 16. Let a be h/6 - (-48)/(-9). List the prime factors of 2/a + 37/3.
2, 3
Let d be (-1 + 2)/((-3)/(-12)). Suppose 2*q + 6*u = u - 6, -d*u = 3*q + 9. What are the prime factors of (-4)/6*(q + 0)?
2
Let s = -5 - -7. Suppose 4*c + 4*v - 32 - 12 = 0, -s*c - v = -26. What are the prime factors of c?
3, 5
Suppose -9*p = -1288 - 161. List the prime factors of p.
7, 23
Let l be 143/3 - 4/(-12). Let i be l/18*(2 + 1). Suppose i*t - 40 = 3*t. What are the prime factors of t?
2
Suppose -g = r - 6, -3*g + g = 5*r - 24. Let c = r + -1. List the prime factors of (3/(-2))/(c/(-38)).
19
Let y be (2*-4)/(12/(-30)). Suppose -r = r - y. Suppose 25 + r = 5*g. What are the prime factors of g?
7
Let x = 5 - 3. Suppose -3*r - 5*k + 61 = 0, -2*r - x*k + 39 + 3 = 0. List the prime factors of r.
2, 11
Suppose 2*h = -h + 15. Suppose -h*g = -4*g - 33. Suppose -s = 2*s - g. List the prime factors of s.
11
Let o = 16 - 12. Let x(k) = k**3 - 2*k**2 + 3*k + 2. What are the prime factors of x(o)?
2, 23
Let t = -7 - -24. List the prime factors of t.
17
Let d = 56 - 34. What are the prime factors of d?
2, 11
Let k = 0 + 5. Suppose -q + 2*q + 3*t - 20 = 0, -3*q + k = -2*t. What are the prime factors of q?
5
Let h(n) = -n**3 - n**2 + 95. What are the prime factors of h(0)?
5, 19
Let c = 4 - 4. Suppose c = 3*u - 4*u + 13. List the prime factors of u.
13
Suppose -215 = -s + u, 5*u - 851 = 4*s - 8*s. What are the prime factors of s?
2, 107
Let s(i) = 3*i**2 - 3*i + 4. Suppose h - 6 + 3 = 0. Let v be s(h). Suppose -4*p + 62 = v. List the prime factors of p.
2, 5
Let x be (-48)/(-21) + 6/(-21). Suppose 0 = 3*v + 1 + 2, -x*v - 90 = -4*u. List the prime factors of u.
2, 11
Let b(k) = k**3 - 8*k**2 + 7*k + 10. Let v = -11 - -18. Let o be b(v). Suppose -5*y + 3*y + o = 0. What are the prime factors of y?
5
Let j = 17 - 8. List the prime factors of j.
3
Let b(j) = j**3 + 9*j**2 - j - 5. Let v be b(-9). Suppose v*n - 108 = 32. List the prime factors of n.
5, 7
Let k = -24 + 64. Let w = k - 5. List the prime factors of w.
5, 7
Suppose 0 = -a + 4*a - 138. Suppose 0 = 5*j - a - 29. Suppose -4*b + 51 = j. What are the prime factors of b?
3
Let b be 52*2*3/8. Suppose -3*v + b = 3*o, o + o - 10 = 2*v. What are the prime factors of o?
3
Let x(f) = f**2 + 4*f + 20. What are the prime factors of x(6)?
2, 5
Let p = -6 + 3. Let o = p - -16. What are the prime factors of o?
13
Let a(v) = -5*v - 1. Let k be a(1). Let g = 2 - k. Let m = g + -5. What are the prime factors of m?
3
Let m(n) = -n**2 - 10*n + 3. Let c be m(-10). Suppose -3*p = c*i - 4*i + 6, -p = 3*i + 2. Let y(l) = -l**2 + l + 9. What are the prime factors of y(i)?
3
Suppose -4*d + 5*l - 19 = 0, -5*d - 2*l - 28 = -4*l. What are the prime factors of (4*-1)/(d/12)?
2
Let j(h) = 14*h + 4. List the prime factors of j(6).
2, 11
Let d = 12 + 6. Suppose i = 2*i - d. What are the prime factors of i?
2, 3
Suppose -3*g - 211 = -v - v, g + 201 = 2*v. What are the prime factors of v?
2, 7
Suppose -5 = -h + 21. What are the prime factors of h?
2, 13
Let j be (2/(-1))/(1/(-2)). Let p be j/(-2 + 1 + 0). What are the prime factors of (56/10)/(p/(-10))?
2, 7
Suppose z - d = 49, 4*z + 2*d = 3*d + 190. What are the prime factors of z?
47
Let s = -3 + 5. Let f(y) = y - 2. Let t be f(7). Suppose s*k + 14 = x, 5*k + t + 10 = 0. List the prime factors of x.
2
Let o be 37/7 + (-12)/42. Suppose -x = -o*l - 19, -x + 2 - 3 = 0. What are the prime factors of (-166)/(-18) - l/(-18)?
3
Let o(p) = 21*p - 6. List the prime factors of o(6).
2, 3, 5
Let b(z) = 10*z**2 + 8*z + 4. List the prime factors of b(-3).
2, 5, 7
Suppose 5*q - 2*h = 8, -q - 4*q = 5*h + 20. Suppose -j - 3*r = q, 0*r + 4 = j + r. List the prime factors of 11 - 4/j*3.
3
Suppose -h - 3 = -6. List the prime factors of h.
3
Let w = 22 + -39. Let u = 10 - w. List the prime factors of u.
3
What are the prime factors of 40/(-15)*(-1 + -2)?
2
Let w(y) = y**2 - 2*y - 1. Suppose 0 = -5*t + o + 6 - 27, -t + 3*o = 7. Let h be (0 + -4)*3/t. What are the prime factors of w(h)?
2
Let s(m) = 14*m**3 + m**2. Suppose -2*r - 3 + 5 = 0. What are the prime factors of s(r)?
3, 5
Let f = 9 + 11. What are the prime factors of f?
2, 5
Let l(f) = -f**3 - 13*f**2 - 12. Let w(h) = -h**3 - 13*h**2 + h - 12. Let s(v) = 2*l(v) - 3*w(v). List the prime factors of s(-13).
3, 17
Let u(t) = t**3 + 9*t**2 - 2*t - 12. Let v be u(-9). Let z = v + 20. What are the prime factors of z?
2, 13
Suppose -4*c - 33 = -c. Let w = 20 + c. List the prime factors of w.
3
Let z be -1 + (-6)/((-2)/1). Suppose 0 = a + 4*a - 3*d - 5, -1 = -a + z*d. Suppose -15 + a = -2*i. What are the prime factors of i?
7
Suppose 6 = -3*l + 24. Suppose z - 3*a + 27 = l*z, -5*a - 11 = -z. List the prime factors of z.
2, 3
Let j be (-3)/(2 - 3) - 12. List the prime factors of 89/5 - j/45.
2, 3
Let b(a) = a**2 + 12*a - 6. Let u be b(-15). Suppose 4*y + u = 175. List the prime factors of y.
2, 17
Let q(a) be the first derivative of -a**4/4 - a**3/6 - a**2 - 1. Let i(h) be the second derivative of q(h). What are the prime factors of i(-1)?
5
Let c = -7 - -11. Suppose 2*u - 1 - 13 = -